e (6/4)/((-18)/(-48)). Suppose -t*y = -w + 4, -3*w + 30 + 17 = -5*y. Calculate the highest common factor of w and 96.
24
Let y = 23 + -8. Let v be (-8)/6*15/(-10). Suppose -f - 5 = -v*f. What is the highest common factor of f and y?
5
Let q be (9 - 1) + -5 - 5. Let y be (q*2)/(1/(-4)) + -1. Calculate the greatest common divisor of y and 25.
5
Suppose -a = -0*a - 6. Suppose 128 = a*q + 2*q. What is the greatest common divisor of q and 176?
16
Let j(d) be the third derivative of -d**5/60 + 2*d**4/3 - 2*d**3/3 - 6*d**2. Let z be j(11). Let o = -75 - -92. What is the highest common factor of z and o?
17
Let v = -53 + 58. Suppose 0 = -5*z + 2*l + 20, 5*z = 3*z + l + 8. Suppose -z*n - 1 = -v*n. Calculate the greatest common divisor of 10 and n.
1
Suppose 8*t + 440 = -504. Let o = -117 - t. What is the greatest common factor of 5 and o?
1
Let f = 2 - -11. Let s = -247 + 390. What is the greatest common factor of f and s?
13
Let n(a) = 2 + 4 + a + 1 + 10 - 2 + a**2. Let x(t) = -t**2 - 8*t + 9. Let k be x(-8). Let z be n(k). What is the greatest common factor of z and 15?
15
Let v(j) = -13*j + 13. Let c be v(7). Let x = 110 + c. Suppose -52 - x = -2*l. Calculate the greatest common factor of l and 6.
6
Let g = -104 - -103. Let l be ((-52)/6)/(g/(-3))*-1. Calculate the highest common factor of l and 104.
26
Suppose -3*b + 2*f + 127 = 0, 2*b + 3*f = 3*b - 40. Let u be 10/25 + b/5. Let w = 64 + -1. What is the highest common factor of w and u?
9
Let c = -206 + 85. Let l = -87 - c. What is the greatest common divisor of 68 and l?
34
Let r be (-3 + 1 + -1)/(9/(-492)). Calculate the greatest common divisor of 123 and r.
41
Suppose 5*b = 5*d - 75, -d = -0*d + 4*b - 10. Let s = 5 + -54. Let c = 147 + s. What is the greatest common divisor of c and d?
14
Let u(z) = z**3 - 11*z**2 + 2*z - 4. Let y be u(11). Let i = 18 + -15. Suppose 6*b - i*a - 825 = b, 5 = -a. Calculate the greatest common divisor of b and y.
18
Suppose -34*y = -35*y + 15. Let a be (-4)/8 + 7/2. Suppose a = v - 3. What is the highest common divisor of y and v?
3
Suppose -7*g - 2*a + 76 = -3*g, 5*g - a = 88. What is the greatest common factor of 10 and g?
2
Let z = 982 - 438. What is the highest common divisor of 34 and z?
34
Let o be (-4234)/(-18) + 2*20/(-180). Calculate the greatest common divisor of 10 and o.
5
Suppose 10 + 42 = 4*f. Let x(t) = 24*t - 22. Let i be x(2). Calculate the greatest common factor of i and f.
13
Suppose -22*k = -19*k + 3. Let q be (2 - (-4)/k)*-8. What is the greatest common divisor of 16 and q?
16
Suppose 280 = 324*q - 319*q. What is the greatest common factor of q and 77?
7
Suppose 0 = 2*y - 7*y. Suppose -2*z - 2*t + 290 = y, 5*z - 700 = -2*t + 19. Calculate the greatest common factor of 13 and z.
13
Let c(j) = 3*j**2 + 4*j + 13. Let h be c(-4). What is the highest common factor of h and 105?
15
Let q be (9/15)/((-1)/5*-1). Let a(k) = 4*k - 2. Let o be a(q). What is the greatest common factor of 10 and o?
10
Let v(p) = p**2 + 10*p - 26. Let c be v(-14). Let l = 30 - 24. Calculate the highest common divisor of l and c.
6
Suppose 12*g - 2*g = 50. Suppose -g*r + 76 = -149. Calculate the greatest common divisor of r and 5.
5
Let x be (-512)/(-112)*(-21)/(-2). Calculate the greatest common factor of 192 and x.
48
Let t(a) = a**2 + 2*a - 13. Let v be t(-10). Let g = v - 18. Suppose 5*d - g = 51. What is the greatest common factor of 10 and d?
10
Suppose -2549 - 1539 = -4*p - 4*h, 2058 = 2*p - 5*h. Suppose 11*t + p = 15*t. Calculate the highest common divisor of 32 and t.
32
Let m(j) = 8*j**2 - 9*j - 24. Let q be m(6). What is the greatest common factor of 60 and q?
30
Let n(i) be the first derivative of -i**3 + 4 - 7/2*i**2 + 1/4*i**4 - 2*i. Let t be n(6). What is the greatest common factor of 16 and t?
16
Let w = 64 + -8. Suppose -3*h = -4*h + w. What is the highest common factor of h and 7?
7
Suppose -t + 25 = 4*d, d + 106 = -3*t + 170. What is the greatest common factor of 273 and t?
21
Let n(t) = 11*t**2 - t - 2. Let l be n(2). Let z be (18/(-4))/(6/(-16)). Suppose 0 = -z*c + 14*c - l. What is the greatest common divisor of c and 5?
5
Suppose -5*n + n - 39 = -3*y, 0 = n + 4*y - 14. Let o = n - -22. Let l be 83 + -2 - (-1 + 2). What is the greatest common divisor of l and o?
16
Let n be (-1)/1 + 49*1. Let v be (-24)/(-66) + (-768)/(-66). Calculate the greatest common divisor of n and v.
12
Let g be 2*2/(-4) + (85 - -28). Calculate the greatest common factor of g and 640.
16
Let b be 0 - (-2 + 1)*-21. Let h be b/(-1) + -1 + 0. Let c be (2 - (-34)/(-14)) + 5076/84. Calculate the greatest common divisor of c and h.
20
Let i(z) = -z + 7. Let w = -25 - -18. Let p be i(w). Suppose 0 = 4*g + 2*t - 398, -4*g + 0*t - t + 395 = 0. What is the greatest common divisor of p and g?
14
Let d = 1128 - 1128. Let n be 2 + 1 + (0 - 1). Suppose -2*v + 32 = -n*h, 3*h + d*h - 6 = 0. What is the highest common divisor of v and 18?
18
Suppose 0 = 4*f - 60 - 116. Let i = -39 + f. What is the highest common factor of i and 2?
1
Let c = 21 - 15. Let r(p) = 13*p + 2. Let u be r(1). What is the greatest common factor of u and c?
3
Let a(f) = f**3 + 8*f**2 - 8*f + 12. Let j be a(-9). Suppose -7*u + j*u + 88 = 0. What is the highest common factor of u and 11?
11
Suppose 6*i - 3*i = 3. What is the greatest common divisor of i and 35?
1
Suppose -4*a - a + 200 = 0. Suppose -3*i = 5*g + 5 - 51, 2*i = -3*g + 28. Calculate the highest common divisor of g and a.
8
Suppose 474*i = 475*i - 44. What is the highest common divisor of 4 and i?
4
Suppose -48*b + 53*b - 45 = 5*c, 0 = 3*c. Let x = -50 + -31. Let m be (x*(1 - 2))/1. Calculate the greatest common factor of b and m.
9
Let l(n) = 2*n**2 - 33*n - 45. Let t be l(21). What is the highest common factor of 9 and t?
9
Suppose -3*c = p - 631, 2*c - 505 = 5*p - 90. Calculate the highest common factor of c and 50.
10
Let y = -45 - -47. Suppose -2*v + 5*g - 4 = 7, y*v + g = 7. Calculate the greatest common divisor of 8 and v.
2
Let w(j) = -j**3 - 4*j**2 + 14*j + 13. Let k be w(-7). What is the highest common divisor of 31 and k?
31
Suppose 0*r + 3221 = 3*a - r, 2*r = 2*a - 2154. Calculate the highest common divisor of a and 67.
67
Let m = -225 + 229. Calculate the highest common factor of 188 and m.
4
Let u(j) = -4*j - 1. Let m be u(-1). Let c(s) = 2*s + 10. Let f be c(m). What is the greatest common factor of 144 and f?
16
Suppose 5*m - 180 = -4*m. Suppose -x + 4 + m = 0. What is the greatest common divisor of x and 216?
24
Suppose 0 = 3*r + 4*v - 74, 5*v - 130 = -5*r - 0*v. What is the highest common divisor of 480 and r?
30
Suppose -9*z + 205 = 4*s - 12*z, -92 = -2*s - 2*z. What is the greatest common divisor of s and 91?
7
Let t = 80 - -28. Calculate the greatest common factor of t and 702.
54
Let q(z) = -9*z - 150. Let a be q(-24). What is the greatest common factor of a and 374?
22
Let b be 319 + (-28 + 29)/(0 + 1). Calculate the highest common factor of b and 240.
80
Suppose 6*k = 2213 - 125. What is the highest common factor of k and 48?
12
Let v be 533 + (80/(-100))/(4/10). What is the highest common divisor of 59 and v?
59
Let w be ((-8)/10)/((-6)/(-15)). Let h = 28 + w. Suppose -2*s - 4*y + 146 = 0, -3*s = 4*y - 142 - 69. What is the greatest common factor of s and h?
13
Let o be 9 - (1 + -2*1). Suppose 0 = -0*w - 2*w + o. Suppose -3*h = -5*z - 8*h + 25, 0 = -5*z - 3*h + 25. Calculate the greatest common divisor of z and w.
5
Suppose 12*y - 4*y - 640 = 0. What is the greatest common factor of 90 and y?
10
Let r = -312 + 356. What is the highest common divisor of r and 220?
44
Let r(f) be the first derivative of -f**4/4 + 4*f**3/3 + f**2/2 + 2*f + 15. Let c be r(4). Calculate the greatest common divisor of 42 and c.
6
Let q(w) be the first derivative of 17*w**2/2 - 10*w + 38. Let g be q(9). Calculate the highest common divisor of 13 and g.
13
Suppose 2*s - 4 = -2*s, -3*g = -5*s - 2821. Suppose 4*n - g = 126. Suppose 2*u = n + 93. Calculate the greatest common factor of u and 20.
20
Let i = 36 + -46. Let u(s) = s - 9. Let l(r) = -1. Let j(d) = -l(d) - u(d). Let g be j(i). What is the greatest common factor of g and 20?
20
Let s be (6/8)/((-1)/(-28)). Suppose -30*i - 487 + 907 = 0. Calculate the greatest common divisor of i and s.
7
Suppose o = -4